h(r)?
-2
Let l(x) = 2*x**3 + x**2 - 1. Suppose 0 = -10*q + 13 + 27. Suppose 0 = q*v + 8, 3*v = -2*d - 2 - 8. Determine l(d).
-13
Let z(a) be the third derivative of a**5/60 + 5*a**4/24 - 3*a**3/2 + 54*a**2 + 1. What is z(3)?
15
Let y be ((-15987)/1460)/(6/4) + -1*(-6)/20. Let f(l) = l**3 + l**2 + l + 1. Let j(o) = 3*o**3 + 9*o**2 + o - 15. Let m(w) = -2*f(w) + j(w). Determine m(y).
-10
Let z(c) = 5*c**3 - 6*c**2 - 11*c - 5. Let d(o) = 4*o**3 + o**2 - o - 2. Let h(j) = d(j) - z(j). Give h(-1).
1
Suppose -62*b + 2856 = 295*b. Let x(n) = -n**3 + 7*n**2 + 15*n - 41. Give x(b).
15
Let a be (0/(-8 - -7))/1. Let z(j) = -10*j + 4*j + 2 + a*j**3 + 7*j + j**3. What is z(0)?
2
Let t(k) = 3*k**3 + 2*k - 3. Let i be (25/10)/(9/6 - 1). Suppose 5*b + 7 = -4*a + 2*b, 4*b = i*a + 32. Let j be a/(-10)*(-5 - (-7 + -3)). Calculate t(j).
25
Let n(l) = 547*l**2 - 113*l + 90*l - 550*l**2. Calculate n(-10).
-70
Let m = 364 + -364. Let v = m + 6. Let b(z) = 2*z**2 - z**2 - 5*z - 6 + 0*z**2. What is b(v)?
0
Let c(s) = -1 - 2 + 4 + 7*s**2 - 15*s + 5. Let m(v) = -v**2 + v - 1. Let b(p) = -c(p) - 6*m(p). Let q be -2*(-2)/4*8. Give b(q).
8
Let k be 28/3*108/(-21). Let i = -46 - k. Let c(j) = -7*j**2 - j + 1. Calculate c(i).
-29
Suppose -3*n = -5*q + 83 - 2, -n = 5*q - 73. Suppose 0 = 9*f - q + 6. Let r(i) = 13*i**2. Give r(f).
13
Let s(x) = -x**3 + 8*x**2 + x - 8. Let z(d) = -2 - 44032*d**2 + 44026*d**2 + 48*d - 12 + 20*d. Let b be z(11). What is s(b)?
0
Let d(t) be the third derivative of t**7/2520 - t**6/72 - t**5/40 + 113*t**4/24 + 3*t**2 - 16*t. Let k(c) be the second derivative of d(c). Determine k(11).
8
Let i(a) = 38*a**3 - 10*a**2 + 16*a - 12. Let x(m) = 3*m**3 - m**2 + m - 1. Let r(g) = -i(g) + 12*x(g). Calculate r(-2).
16
Let k(c) = 2 - 14*c - 4 + 6*c - c**2. Suppose 13*y = 12*y + 1, 206 = 2*j - 4*y. Let g be (-660)/j - (-2)/7. Calculate k(g).
10
Suppose -2*l + l = -0*l. Let v(m) = m. Let o be v(3). Let i(s) = -o*s - s**3 + s + 5 + 3*s. Calculate i(l).
5
Let t(y) = y**2 - 13*y + 37. Let j be (-147)/(-14) - 36/8. Calculate t(j).
-5
Let n = -40 + 37. Let l(i) = 2*i + 13. Let m(v) = v + 2. Let s(t) = n*m(t) + l(t). Give s(0).
7
Let v(a) = -11098 + a + 33340 - 11111 - 11116. Determine v(-8).
7
Let d(b) = 16*b + 23. Let c be d(-1). Let z(j) = 7 - j**3 + 10 + 2*j - 23 + 2*j**2 + c. Determine z(-2).
13
Let q(x) = 9*x**3 - 8*x**2. Let n(v) = -19*v**3 + 14*v**2. Let l(r) = 4*n(r) + 7*q(r). Let m be ((-75)/(-6))/5*8. Let y = m - 19. Determine l(y).
-13
Suppose -14*f + 981 = 995. Let i(v) = -6*v**2 - v + 1. Calculate i(f).
-4
Let l(h) be the second derivative of -h**5/20 - h**4/6 + h**3/6 + h**2 + 713*h - 2. Give l(-2).
0
Let z(n) = n**3 - 10*n**2 - 6*n - 48. Suppose -m + 11 = -2*o, 4*m + o + 371 = 415. Determine z(m).
7
Let i(a) be the first derivative of 7*a**2/2 - 8*a + 9146. Determine i(15).
97
Let h(n) = -5*n**3 - 19*n**2 - 17*n + 24. Let z(q) = 12*q**3 + 37*q**2 + 33*q - 50. Let b(r) = -5*h(r) - 2*z(r). Give b(-20).
0
Let b(h) be the first derivative of h**3/3 - 12*h - 2994. What is b(5)?
13
Let b(n) be the first derivative of n**3/3 + 13*n**2/2 + 2*n - 42288. Let h be (-4)/18 - 106/9. Determine b(h).
-10
Let r(s) = 2*s + 6*s - s - 41 - 4*s. Let c(w) = -86*w + 5433. Let y be c(63). Give r(y).
4
Let s = 11 - 7. Suppose 4*y = r - 4, -2*r - 24 = 2*r + s*y. Let v(q) = 10 + 2 + 2*q + 5 - 24 + 10. Give v(r).
-5
Let f(v) be the second derivative of -v + v**2 + 2/3*v**3 + 1/12*v**4 + 0. Suppose 2*a - j = -3, -4*a = -5*j + j. Calculate f(a).
-1
Let s be (9 - 5)*-1 - (-1 + -6). Let q(z) be the second derivative of -3/2*z**2 + 2/3*z**s + 1/12*z**4 - 21*z + 0. What is q(-5)?
2
Suppose 0 = 4*i - 4*r - 4588, 3*i + 541 = r + 3980. Let a(u) = -i*u - 3 - 1148*u + u**3 + 2293*u. Give a(3).
21
Let r(x) be the second derivative of -x**3/2 + 4*x**2 + x. Suppose -488*g = 388*g + 1202 - 5582. What is r(g)?
-7
Let t(r) = r**3 - 10*r**2 + 2*r + 2. Suppose -7*j - 9*j - 3*j + 190 = 0. What is t(j)?
22
Let k = 6134 - 6148. Let n(q) = -3*q - 48. Give n(k).
-6
Let p(f) = 9*f - 2*f - 6*f. Let w be (5 + (-2)/10*23)*10. Determine p(w).
4
Let b(d) = -7*d - 118. Let k(t) = -60. Let m(h) = b(h) - 2*k(h). Let q = -12 - -9. Calculate m(q).
23
Let u(n) = 2 + 12*n - 5*n - 7*n - n - 9*n. Calculate u(2).
-18
Suppose -71*o - 1304 = -1517. Let q(g) = 14*g - 51. Determine q(o).
-9
Let t(g) = -g**3 + 2*g**2 + 4*g + 1. Let w = -198 + 336. Let s = -135 + w. Give t(s).
4
Let x(f) = 2527 + 2539 - 7*f - 3*f**2 + 11*f**2 - 45*f - 5043. Calculate x(6).
-1
Suppose x - 28 + 70 = 4*r, 5*r - x - 54 = 0. Let l(f) = -f**3 + 12*f**2 - 1. What is l(r)?
-1
Let l(n) = 2*n - 6. Suppose -40 = -7*y - y. Let a be l(y). Suppose -h - a*j - 18 = 0, -2*h + 0*j - 3*j = 11. Let u(v) = -2*v - 2. Calculate u(h).
-6
Let a(g) = -2*g**2 + 125*g + 2*g**2 + 0*g**2 - g**2 - 12 - 114*g. Give a(10).
-2
Let s = 43 - 41. Suppose 35 = -s*f + 6*f + h, 2*h = f - 11. Let c(y) = -y**3 + 0 + 10 + 3*y**2 + y - f. Determine c(-2).
19
Let q(a) be the second derivative of 7*a**3/6 + 55*a**2/2 + 2488*a. Give q(-6).
13
Suppose -4*r = 4*q + 4, -5*q = -4*r - 1 - 30. Let f(t) = 8 - 4*t**2 - 537*t - 11 + 535*t - t**3. Give f(r).
5
Let z(r) be the first derivative of r**4/4 + r**3/3 - 3*r**2/2 + r + 6. Let o be (56/(-6))/(22/(-33)). Let y be 6/(-21) - (-3 - (-80)/o). What is z(y)?
-8
Let y(a) be the second derivative of -1/3*a**3 - 102*a - 1/6*a**4 + 0*a**2 + 0. Calculate y(-4).
-24
Let v(g) = -9*g**2 - 7*g + 7. Suppose -2700 = 38*j - 2738. Determine v(j).
-9
Let c(r) be the second derivative of -r**5/20 - 5*r**4/12 - 7*r**3/6 - 7*r**2/2 - 971*r. Let p(z) = -z**3 + 7*z**2 - 2*z + 10. Let a be p(7). Calculate c(a).
5
Let b(p) = 4*p + 2. Let x(o) = 2*o - 1. Let t(a) = 5*a - 1. Let j(q) = 3*t(q) - 5*x(q). Let g(d) = 4*b(d) - 3*j(d). Suppose 4*v + 25 = -v. Give g(v).
-3
Let h(n) = n**2 + 10*n + 11. Let y(g) = -g**3 - 7*g**2 - 8*g + 3. Let r be y(-3). Let x be h(r). Let l(w) = 7 - 4*w + w + x*w + 0*w. Calculate l(7).
0
Let m(j) be the third derivative of -j**6/60 - 3*j**5/10 + j**4/8 + 2*j**3/3 + 11*j**2 - 18. Give m(-9).
-23
Let l(j) be the first derivative of 13*j**2/2 + 481*j + 3619. Give l(-37).
0
Suppose -25*v + 210 = -39*v. Let q(g) = -g - 4. Calculate q(v).
11
Let b be (196/(-48) - (-14)/(-56))/((-2)/(-6)). Let g(k) = k**3 + 15*k**2 + 17*k - 10. Calculate g(b).
107
Suppose -5*s = 3*q - 1, -5*s - 15 = 5*q - 20. Let f(x) = -44*x**2 + 2*x + 1. Give f(s).
-45
Suppose -2*g - 2 = -b, b + 0*g = 3*g. Suppose 18 = -3*p + b. Let j(w) = 7*w**2 - 4*w**2 - 10*w**2 + 6*w**2 - 5*w - 4. Determine j(p).
0
Let r(l) = 3*l**2 - 80*l - 107. Let d be r(28). Let n(b) = -b**2 + 19*b - 70. Calculate n(d).
0
Suppose -18*u + u = 7*u - 48. Let r(x) = -9*x - 14. Determine r(u).
-32
Suppose s + 5*q + 45 = 0, -s + 620 = -5*q + 585. Let w(n) = 9*n + 48. Determine w(s).
3
Let r(l) = -39*l**2 - 5*l + 12. Let t(d) = -88*d**2 - 9*d + 25. Let m(a) = -9*r(a) + 4*t(a). Suppose 5*v - 5*z = 40, 32 = 4*v + z + 4*z. Determine m(v).
0
Let v(z) = 4*z + 20. Let n(c) = -6*c - 30. Let o(k) = -5*n(k) - 8*v(k). Suppose 11*h + 162 - 96 = 0. Calculate o(h).
2
Let j be (-19)/57 + 102/144 + 3/(-8). Let t(l) be the second derivative of 4*l + j*l**2 + 0 - 3/2*l**3. Give t(1).
-9
Let g be 4*(-2 - 1 - -5). Let l = 10 - g. Let p(n) = -15*n - n**l + 0 - 1 + 6*n - 2. What is p(-7)?
11
Suppose 3*x - 25 = -2*x. Let b(t) = -8*t + 4 - x + 2. Let i = 10832 - 10831. Determine b(i).
-7
Let k(s) = -s**2 - 9*s - 9. Let r(m) = m**3 - 32*m**2 + 85*m + 51. Let f be 25 - (6 + -1 - 9). Let b be r(f). Give k(b).
5
Let o(k) = k**3 - 2*k**2 + k - 5. Let y be o(4). Let s = -1251 + 1285. Let r = y - s. Let p(c) = 2*c**2 + 5*c + 3. What is p(r)?
6
Let r(v) = -v**2 + 2. Let t(a) = 9*a**2 + 2*a - 7. Let g(y) = -4*r(y) - t(y). What is g(-1)?
-4
Let x be (-1)/2 + (-15)/(2070/(-253)). Let y(w) be the first derivative of x*w**3 + 5*w - 33 - 1/4*w**4 + 3/2*w**2. What is y(5)?
-5
Suppose -9 = -3*g + 2*v, 4*v - 4 = -g + 13. Let f(x) = x + 1. Let s be f(g). Let i(m) = -m - 3*m - 9 - 3*m - 29*m + 33*m + 4*m. Determine i(s).
-3
Suppose -3*w - 5*r + 53 = 92, -3*w - 6*r - 48 = 0. Let b(u) = -u - 1 + 2*u - 1. Calculate b(w).
0
Let b(y) = -47 + 143*y**2 - 72 + 138 - 142*y**2 - 14*y. Determine b(13).
6
Let n(a) = a - 2. Let i be (-52)/(-20) + 3/(-5). Let l(